{"id":24,"date":"2014-06-08T07:29:45","date_gmt":"2014-06-08T05:29:45","guid":{"rendered":"http:\/\/www.seseditoria.it\/?page_id=24"},"modified":"2026-02-27T17:31:40","modified_gmt":"2026-02-27T16:31:40","slug":"la-nostra-storia","status":"publish","type":"page","link":"https:\/\/www.seseditoria.it\/","title":{"rendered":"La nostra storia"},"content":{"rendered":"<p><em><img loading=\"lazy\" decoding=\"async\" class=\"aligncenter size-full wp-image-4\" src=\"https:\/\/www.seseditoria.it\/wp-content\/uploads\/2014\/06\/home_sito_ses.jpg\" alt=\"\" width=\"1500\" height=\"597\" srcset=\"https:\/\/www.seseditoria.it\/wp-content\/uploads\/2014\/06\/home_sito_ses.jpg 1500w, https:\/\/www.seseditoria.it\/wp-content\/uploads\/2014\/06\/home_sito_ses-300x119.jpg 300w, https:\/\/www.seseditoria.it\/wp-content\/uploads\/2014\/06\/home_sito_ses-1024x407.jpg 1024w\" sizes=\"auto, (max-width: 1500px) 100vw, 1500px\" \/><br \/>\nLa Ses nasce nel 1982 per volont\u00e0 di alcuni personaggi di San Pier d\u2019Arena (Rino Baselica, Giannetto D\u2019Oria, Ettore Bertieri e altri) che dieci anni prima avevano dato vita al mensile di delegazione \u201cGazzettino Sampierdarenese\u201d. Il giornale, uscito la prima volta in numero unico in occasione delle celebrazioni della societ\u00e0 di calcio \u201cSampierdarenese \u201846\u201d, aveva riscosso un tale successo da indurre i fondatori a continuare nel progetto realizzando una redazione stabile con una vera e propria testata giornalistica. L\u2019avventura del Gazzettino dura ancora oggi dopo pi\u00f9 di cinquant&#8217;anni di uscite mensili ininterrotte: un vero record per la piccola editoria, non solo nell\u2019ambito cittadino e regionale.<\/em><\/p>\n<p><em>La Ses per\u00f2 non \u00e8 solo il Gazzettino Sampierdarenese. Infatti, negli ultimi anni, grazie alla collaborazione di alcuni personaggi della cultura genovese e con l\u2019apporto di grafici di prestigio, abbiamo proposto una nostra linea editoriale che cerca di introdursi sul mercato, sia a livello locale, sia nazionale.<\/em><\/p>\n<p><em>Nel nostro catalogo si possono trovare libri di vario genere: dalla cultura locale alla storia, dall\u2019architettura al turismo. Ma non solo. L\u2019editoria di oggi non vuol dire solo libri. Grazie alla continua e fattiva collaborazione di professionisti di livello, la Ses si propone per la realizzazione di qualsiasi prodotto che il mercato dell\u2019editoria attuale richiede: CD multimediali, brochure, manifesti, locandine, carte servizi ed altro. Per qualsiasi vostra esigenza, potrete contattarci, per consigliarvi la migliore realizzazione editoriale e per sottoporvi gratuitamente i nostri preventivi.<\/em><\/p>\n<h3 style=\"text-align: center;\">La collana San P\u00ea d\u2019\u00c6nn-a<\/h3>\n<p><img loading=\"lazy\" decoding=\"async\" class=\"aligncenter size-full wp-image-218\" src=\"https:\/\/www.seseditoria.it\/wp-content\/uploads\/2019\/03\/collana.jpg\" alt=\"\" width=\"600\" height=\"1259\" srcset=\"https:\/\/www.seseditoria.it\/wp-content\/uploads\/2019\/03\/collana.jpg 600w, https:\/\/www.seseditoria.it\/wp-content\/uploads\/2019\/03\/collana-143x300.jpg 143w, https:\/\/www.seseditoria.it\/wp-content\/uploads\/2019\/03\/collana-488x1024.jpg 488w\" sizes=\"auto, (max-width: 600px) 100vw, 600px\" \/><\/p>\n<p><img loading=\"lazy\" decoding=\"async\" class=\"aligncenter  wp-image-275\" src=\"https:\/\/www.seseditoria.it\/wp-content\/uploads\/2020\/06\/7_10jpg.jpg\" alt=\"\" width=\"585\" height=\"839\" srcset=\"https:\/\/www.seseditoria.it\/wp-content\/uploads\/2020\/06\/7_10jpg.jpg 574w, https:\/\/www.seseditoria.it\/wp-content\/uploads\/2020\/06\/7_10jpg-209x300.jpg 209w, https:\/\/www.seseditoria.it\/wp-content\/uploads\/2020\/06\/7_10jpg-105x150.jpg 105w\" sizes=\"auto, (max-width: 585px) 100vw, 585px\" \/><\/p>\n<p><img loading=\"lazy\" decoding=\"async\" class=\"aligncenter  wp-image-384\" src=\"https:\/\/www.seseditoria.it\/wp-content\/uploads\/2024\/06\/copertine11_16-copia.jpg\" alt=\"\" width=\"575\" height=\"1183\" srcset=\"https:\/\/www.seseditoria.it\/wp-content\/uploads\/2024\/06\/copertine11_16-copia.jpg 700w, https:\/\/www.seseditoria.it\/wp-content\/uploads\/2024\/06\/copertine11_16-copia-146x300.jpg 146w, https:\/\/www.seseditoria.it\/wp-content\/uploads\/2024\/06\/copertine11_16-copia-497x1024.jpg 497w\" sizes=\"auto, (max-width: 575px) 100vw, 575px\" \/><\/p>\n<p><img loading=\"lazy\" decoding=\"async\" class=\"aligncenter  wp-image-386\" src=\"https:\/\/www.seseditoria.it\/wp-content\/uploads\/2024\/06\/copertine17_22-copia.jpg\" alt=\"\" width=\"577\" height=\"1205\" srcset=\"https:\/\/www.seseditoria.it\/wp-content\/uploads\/2024\/06\/copertine17_22-copia.jpg 700w, https:\/\/www.seseditoria.it\/wp-content\/uploads\/2024\/06\/copertine17_22-copia-144x300.jpg 144w, https:\/\/www.seseditoria.it\/wp-content\/uploads\/2024\/06\/copertine17_22-copia-491x1024.jpg 491w\" sizes=\"auto, (max-width: 577px) 100vw, 577px\" \/><\/p>\n<p><img loading=\"lazy\" decoding=\"async\" class=\"aligncenter  wp-image-397\" src=\"https:\/\/www.seseditoria.it\/wp-content\/uploads\/2025\/02\/copertina-23-web.jpg\" alt=\"\" width=\"288\" height=\"398\" srcset=\"https:\/\/www.seseditoria.it\/wp-content\/uploads\/2025\/02\/copertina-23-web.jpg 430w, https:\/\/www.seseditoria.it\/wp-content\/uploads\/2025\/02\/copertina-23-web-217x300.jpg 217w\" sizes=\"auto, (max-width: 288px) 100vw, 288px\" \/><\/p>\n<p><img loading=\"lazy\" decoding=\"async\" class=\"aligncenter  wp-image-403\" src=\"https:\/\/www.seseditoria.it\/wp-content\/uploads\/2025\/07\/copertina-24web.jpg\" alt=\"\" width=\"294\" height=\"406\" srcset=\"https:\/\/www.seseditoria.it\/wp-content\/uploads\/2025\/07\/copertina-24web.jpg 500w, https:\/\/www.seseditoria.it\/wp-content\/uploads\/2025\/07\/copertina-24web-217x300.jpg 217w\" sizes=\"auto, (max-width: 294px) 100vw, 294px\" \/><\/p>\n<p><img loading=\"lazy\" decoding=\"async\" class=\"wp-image-411 aligncenter\" src=\"https:\/\/www.seseditoria.it\/wp-content\/uploads\/2026\/02\/copertina-25web.jpg\" alt=\"\" width=\"302\" height=\"428\" srcset=\"https:\/\/www.seseditoria.it\/wp-content\/uploads\/2026\/02\/copertina-25web.jpg 600w, https:\/\/www.seseditoria.it\/wp-content\/uploads\/2026\/02\/copertina-25web-212x300.jpg 212w\" sizes=\"auto, (max-width: 302px) 100vw, 302px\" \/><\/p>\n<p>Questa collana editoriale nasce come invito all\u2019approfondimento storico e culturale di un territorio la cui \u201clettura\u201d completa \u00e8 oggi resa difficile da alcuni aspetti, spesso pi\u00f9 evidenti di altri che, invece, ne rappresentano l\u2019essenza vera e originale. \u00c8 pertanto con passione e ferma convinzione che la casa editrice SES e i curatori Mirco Oriati e Rossana Rizzuto hanno pensato a questa iniziativa, mirando a coinvolgere il lettore in un percorso di pi\u00f9 tappe, ognuna da interpretarsi come parte essenziale di un ampio affresco. San Pier d\u2019Arena verr\u00e0 dunque raccontata attraverso la firma di vari autori dando vita ad una raccolta di piccoli testi, grazie ai quali il lettore avr\u00e0 modo di viaggiare nel tempo e nello spazio, alla scoperta degli antichi monasteri e delle torri di guardia costruite a controllo del mare, restare estasiato dalla bellezza delle molte opere d\u2019arte e delle ville splendidamente affrescate; sostare dinanzi a magistrali esempi di architettura alessiana e pre-alessiana o, ancora, restare sorpreso dalla scoperta di importanti \u201cgioielli\u201d come la piccola chiesa di Sant\u2019Agostino inglobata nel chiostro della chiesa di Santa Maria della Cella. Ma sar\u00e0 questa anche l\u2019occasione per riscoprire una parte della San Pier d\u2019Arena che non c\u2019\u00e8 pi\u00f9, non con il sentimento della nostalgia, bens\u00ec con l\u2019affetto e la speranza che molti possano divenire testimoni di un illustre passato e magari promotori di un futuro da creare giorno dopo giorno. Sorrideremo, con tenerezza, di fronte alle foto antiche, al ricordo delle stazioni balneari, dei vecchi teatri, delle trattorie o, in tempi pi\u00f9 recenti, dei molti cinema che un tempo ravvivavano la nostra \u201cpiccola\u201d citt\u00e0. Attraverso questo e molto altro, il lettore, un poco alla volta, potr\u00e0 disporre di \u201cpiccoli strumenti\u201d che, coniugando sintesi e completezza, gli faciliteranno, in modo snello e organico, la conoscenza dei tanti aspetti della San Pier d\u2019Arena di ieri per arrivare a comprendere meglio le tracce che ancora oggi esistono nel suo contesto.<\/p>\n<p>(La collana \u00e8 curata da Mirco Oriati e Rossana Rizzuto)<\/p>\n<p>I seguenti titoli sono esauriti:<br \/>\n&#8211; Racconti di San Pier d&#8217;Arena<br \/>\n&#8211; Trattorie, osterie e ritrovi della San Pier d&#8217;Arena di una volta<br \/>\n&#8211; San Pier d&#8217;Arena com&#8217;era e com&#8217;\u00e8<br \/>\n&#8211; A San Pier d&#8217;Arena c&#8217;\u00e8<br \/>\n&#8211; Piccola storia di San Pier d&#8217;Arena<\/p>\n<p style=\"text-align: center;\"><img loading=\"lazy\" decoding=\"async\" class=\"aligncenter size-full wp-image-23\" src=\"https:\/\/www.seseditoria.it\/wp-content\/uploads\/2014\/06\/logoweb.jpg\" alt=\"logoweb\" width=\"73\" height=\"80\" \/><\/p>\n<p style=\"text-align: center;\">Societ\u00e0 Editrice Sampierdarenese coop a r.l.<br \/>\nP.IVA 02437420108<br \/>\nCorso Martinetti 4\/6 16149 \u2013 GENOVA SAMPIERDARENA<\/p>\n","protected":false},"excerpt":{"rendered":"<p>La Ses nasce nel 1982 per volont\u00e0 di alcuni personaggi di San Pier d\u2019Arena (Rino Baselica, Giannetto D\u2019Oria, Ettore Bertieri e altri) che dieci anni prima avevano dato vita al &#8230;<\/p>\n","protected":false},"author":1,"featured_media":0,"parent":0,"menu_order":0,"comment_status":"closed","ping_status":"closed","template":"","meta":{"footnotes":""},"class_list":["post-24","page","type-page","status-publish","hentry"],"_links":{"self":[{"href":"https:\/\/www.seseditoria.it\/index.php?rest_route=\/wp\/v2\/pages\/24","targetHints":{"allow":["GET"]}}],"collection":[{"href":"https:\/\/www.seseditoria.it\/index.php?rest_route=\/wp\/v2\/pages"}],"about":[{"href":"https:\/\/www.seseditoria.it\/index.php?rest_route=\/wp\/v2\/types\/page"}],"author":[{"embeddable":true,"href":"https:\/\/www.seseditoria.it\/index.php?rest_route=\/wp\/v2\/users\/1"}],"replies":[{"embeddable":true,"href":"https:\/\/www.seseditoria.it\/index.php?rest_route=%2Fwp%2Fv2%2Fcomments&post=24"}],"version-history":[{"count":36,"href":"https:\/\/www.seseditoria.it\/index.php?rest_route=\/wp\/v2\/pages\/24\/revisions"}],"predecessor-version":[{"id":412,"href":"https:\/\/www.seseditoria.it\/index.php?rest_route=\/wp\/v2\/pages\/24\/revisions\/412"}],"wp:attachment":[{"href":"https:\/\/www.seseditoria.it\/index.php?rest_route=%2Fwp%2Fv2%2Fmedia&parent=24"}],"curies":[{"name":"wp","href":"https:\/\/api.w.org\/{rel}","templated":true}]}}